 - 556. Determine g(-7).
235
Let d(i) = 100*i - 77. Determine d(2).
123
Let w(k) = -7*k**2 + 137*k - 644. Determine w(12).
-8
Let d(f) = f**3 + 6*f**2 - 3*f + 24. What is d(-7)?
-4
Let m(o) = o**3 + 357*o**2 + 11*o + 3941. What is m(-357)?
14
Let i(o) = 2*o**3 - 14*o**2 + 31*o - 26. Determine i(3).
-5
Let v(x) = -2*x**2 - 392*x - 10999. What is v(-34)?
17
Let h(p) = -23*p + 507. Give h(43).
-482
Let u(b) = 472*b + 58998. What is u(-125)?
-2
Let v(z) = -2*z**3 - 20*z**2 - 15*z - 89. Calculate v(-10).
61
Let y(u) = u**2 - 55*u + 139. What is y(3)?
-17
Let u(j) = -29*j - 9. Determine u(2).
-67
Let p(f) = -13690*f + 41069. Calculate p(3).
-1
Let o(z) = 2*z**3 - 22*z**2 + 9*z + 41. Calculate o(10).
-69
Let w(j) = 26*j - 670. What is w(26)?
6
Let q(b) = -3120*b + 271445. Determine q(87).
5
Let s(t) = 5*t**3 + 38*t**2 - 14*t + 31. Give s(-8).
15
Let o(z) = -z**3 + 23*z**2 - 111*z - 8. Determine o(10).
182
Let b(z) = -z**2 - 51*z - 291. Calculate b(-7).
17
Let w(i) = 2*i**3 + 10*i**2 - 24*i - 24. Determine w(-5).
96
Let g(b) = -4*b**3 - 13*b**2 - 3*b - 16. Calculate g(-5).
174
Let d(b) = b**3 - 5*b**2 + 24*b - 108. What is d(5)?
12
Let d(h) = -h**2 + 21*h + 299. Calculate d(0).
299
Let c(z) = 29*z**2 + 141*z + 12. Determine c(-5).
32
Let s(g) = -1935*g - 19359. Determine s(-10).
-9
Let z(q) = 14*q**2 + 57*q - 15. Calculate z(-9).
606
Let c(g) = -30*g - 333. Calculate c(-11).
-3
Let r(w) = -w**2 - 24*w + 411. Determine r(-40).
-229
Let o(z) = 3*z**3 - 418*z**2 - 1135*z - 155. Calculate o(142).
-13
Let n(h) = 2*h**2 + 44*h + 236. What is n(-9)?
2
Let a(y) = -4*y**3 - 144*y**2 + 3*y - 70. Calculate a(-36).
-178
Let l(w) = -9*w + 415. What is l(10)?
325
Let y(x) = 2*x + 72. Determine y(16).
104
Let s(a) = 2*a**3 - 4*a**2 - 9*a - 4. Calculate s(-4).
-160
Let j(i) = i**2 - 49*i + 117. Calculate j(42).
-177
Let s(x) = -8*x - 161. Calculate s(-24).
31
Let t(v) = 11*v + 277. Give t(-15).
112
Let q(g) = g**3 - 7*g**2 + 24*g - 250. What is q(8)?
6
Let q(s) = -3054*s + 109931. Calculate q(36).
-13
Let w(f) = -5*f**3 + 96*f**2 + 32*f - 10. What is w(19)?
959
Let r(m) = 3*m**3 + 5*m**2 - 22*m + 7. Give r(2).
7
Let i(w) = 4492*w + 17980. Calculate i(-4).
12
Let m(f) = -f**2 - 71*f + 402. Determine m(-77).
-60
Let f(w) = w**2 - 14*w - 207. What is f(-9)?
0
Let q(u) = u**3 - 2*u + 26. Determine q(-3).
5
Let w(b) = -146*b - 2619. Calculate w(-18).
9
Let k(x) = -x**3 + 28*x**2 + 60*x + 50. Give k(30).
50
Let w(k) = -128*k - 18531. Calculate w(-145).
29
Let i(n) = -n**3 + 60*n**2 - 875*n - 17. Give i(25).
-17
Let b(t) = 6*t**2 + 10*t - 15. What is b(5)?
185
Let l(v) = 4*v**2 + 122*v - 180. Determine l(-30).
-240
Let h(v) = 152*v**2 - 168*v + 345. Calculate h(2).
617
Let i(w) = w**2 + 16*w - 40. Determine i(-18).
-4
Let a(k) = -162*k**2 - 977*k - 25. Give a(-6).
5
Let y(p) = -2*p**2 - 154*p + 2738. Give y(15).
-22
Let v(p) = -12*p**2 + 2321*p - 969. What is v(193)?
-4
Let o(g) = 6*g**3 + 14*g**2 - 23*g + 51. What is o(-4)?
-17
Let t(s) = -s**3 - 4*s**2 - 21*s - 141. What is t(-6)?
57
Let l(o) = -2*o**2 + 34*o + 1608. Give l(38).
12
Let h(c) = -1444*c - 4340. What is h(-3)?
-8
Let m(y) = 10*y**3 + 667*y**2 - 203*y - 146. What is m(-67)?
-12
Let l(d) = -3*d + 90. Give l(29).
3
Let n(i) = 134*i + 4177. Calculate n(-32).
-111
Let c(w) = 280*w - 30809. Give c(110).
-9
Let u(z) = -172*z + 113. Calculate u(1).
-59
Let c(j) = 29*j - 1055. Give c(41).
134
Let q(n) = 4*n**2 + 13*n - 119. What is q(0)?
-119
Let v(h) = 4*h + 18. Calculate v(-1).
14
Let u(t) = 2*t - 51. Give u(14).
-23
Let y(s) = -s**3 - 35*s**2 + 198*s - 96. What is y(-40)?
-16
Let h(b) = 2*b**2 - 21*b + 67. Give h(15).
202
Let k(q) = q**3 + 52*q**2 - 590*q + 1859. Calculate k(-62).
-1
Let c(v) = -19*v - 243. What is c(-16)?
61
Let j(d) = -d**3 + 2*d**2 + 6*d - 685. What is j(0)?
-685
Let i(g) = g**2 - 73*g + 1075. Determine i(21).
-17
Let c(k) = k**2 - 34*k + 285. Determine c(17).
-4
Let h(s) = -109*s - 587. Calculate h(0).
-587
Let w(g) = -2*g**2 + 54*g - 434. Calculate w(11).
-82
Let m(t) = -t**3 - 193*t**2 - 363*t + 3609. What is m(-191)?
-20
Let g(j) = -j**3 - 23*j**2 + 81*j + 70. What is g(-26)?
-8
Let i(z) = 2*z**3 + 18*z**2 - 41*z + 37. Determine i(-11).
4
Let t(s) = -3*s**3 - 17*s**2 - 52*s - 372. Determine t(-6).
-24
Let v(l) = -l**2 + 1415*l + 5672. Determine v(-4).
-4
Let y(q) = -4*q - 109. Determine y(-15).
-49
Let f(s) = s**3 - 33*s**2 + 121*s - 65. Give f(29).
80
Let x(n) = 13*n**2 + 116*n - 131. Calculate x(-10).
9
Let g(p) = 112*p**2 - 471*p + 98. Determine g(4).
6
Let f(u) = 6*u**2 - 416*u - 716. Determine f(71).
-6
Let a(c) = c**3 - 4*c**2 + 24*c - 215. Determine a(6).
1
Let o(d) = 5*d**3 + 3*d**2 - 76*d - 384. Give o(-5).
-554
Let n(f) = f**2 + 39*f + 103. Determine n(-27).
-221
Let c(r) = -3273*r - 9822. Give c(-3).
-3
Let q(i) = i**2 - 2*i - 219. Calculate q(-13).
-24
Let x(v) = v**2 - 13*v - 510. Calculate x(30).
0
Let m(r) = 3*r - 1261. Calculate m(14).
-1219
Let b(p) = -2*p - 408. Determine b(-41).
-326
Let z(p) = -4*p + 498. Calculate z(29).
382
Let b(s) = 2*s**2 + 70*s - 258. Give b(4).
54
Let d(m) = -m**2 - 4957*m - 69205. Give d(-14).
-3
Let s(d) = 36*d + 135. Give s(-5).
-45
Let x(g) = -9*g**3 - 78*g**2 + 8*g - 177. What is x(-9)?
-6
Let i(n) = n**3 - 10*n**2 + 76*n - 486. Give i(8).
-6
Let o(b) = -7*b**3 - 3*b**2 - b - 3. Calculate o(-2).
43
Let b(t) = -14*t - 93. What is b(-8)?
19
Let p(g) = g**3 - g**2 + 18*g + 51. Determine p(-4).
-101
Let t(n) = 13*n**2 + 190*n - 17. Calculate t(0).
-17
Let j(a) = a**2 - 2*a - 143. What is j(0)?
-143
Let t(d) = -116*d + 336. Determine t(3).
-12
Let g(o) = -o**3 + 10*o**2 - 6*o - 16. Determine g(4).
56
Let t(o) = -o**3 + 23*o**2 - 122*o + 129. Calculate t(9).
165
Let k(h) = 8*h**2 + 89*h + 37. Give k(-11).
26
Let g(m) = -m**3 + 2*m**2 + 8*m - 5. Determine g(3).
10
Let s(o) = -1159*o + 10438. Give s(9).
7
Let c(k) = -30*k**3 + 30*k + 86. Determine c(-3).
806
Let g(c) = -c**3 + 163*c**2 + 1730*c - 14. Give g(173).
-14
Let a(x) = 827*x - 23977. Give a(29).
6
Let h(r) = -91*r**2 - 933*r - 240. What is h(-10)?
-10
Let t(a) = 4*a**2 - 25*a + 25. Give t(6).
19
Let l(y) = -75*y - 3148. What is l(-42)?
2
Let v(b) = 3*b**2 - b + 33. What is v(6)?
135
Let j(p) = p**2 - 345*p + 15951. Determine j(55).
1
Let t(z) = 5*z**2 + 95*z + 295. What is t(-15)?
-5
Let a(i) = -22*i + 223. Calculate a(12).
-41
Let i(l) = 233*l**2 - 2560*l - 44. Calculate i(11).
-11
Let n(s) = -7*s**2 + 2*s - 2. Give n(1).
-7
Let p(w) = -8040*w - 56254. Calculate p(-7).
26
Let v(r) = -3*r + 70. Determine v(20).
10
Let x(o) = 133*o + 862. Give x(-7).
-69
Let a(r) = -r**2 + 70*r - 1185. What is a(42)?
-9
Let z(w) = w**3 + 13*w**2 + 23*w + 20. What is z(-11)?
9
Let s(c) = c**3 - 6*c**2 - 20*c + 13. What is s(-4)?
-67
Let c(a) = -5*a**2 - 1548*a - 936. Determine c(-309).
-9
Let b(x) = 3*x**3 - 31*x**2 + 86*x - 115. Give b(7).
-3
Let p(h) = h**2 - 192*h - 1604. Calculate p(-8).
-4
Let y(m) = -205*m - 2546. Give y(-12).
-86
Let i(a) = -2*a**3 + 85*a**2 - 37*a - 189. Calculate i(42).
21
Let x(b) = -240*b**2 + 5*b - 6. Calculate x(1).
-241
Let v(g) = g**3 - 19*g**2 - 157*g - 8. Determine v(0).
-8
Let k(u) = -u**2 - 217*u - 4961. Give k(-26).
5
Let i(w) = -11*w**3 - 3*w**2 - w + 9. Calculate i(-2).
87
Let t(m) = 14*m + 858. What is t(-33)?
396
Let o(g) = -917*g + 7367. Determine o(8).
31
Let r(v) = 2*v + 121. Determine r(-24).
73
Let u(i) = i**3 - 19*i**2 - 668*i - 35. Calculate u(-18).
1
Let c(t) = t**3 - 39*t**2 + t - 82. Determine c(39).
-43
Let f(t) = t**3 - 7*t**2 + 181*t - 1501. Give f(8).
11
Let p(h) = -5*h**3 - 224*h**2 - 11*h + 3. What is p(0)?
3
Let c(v) = -22*v**3 - 4*v**2. What is c(1)?
-26
Let o(k) = k**2 - 13*k + 156. Determine o(16).
204
Let d(n) = 2*n**3 + 8*n**2 - 51*n - 226. Give d(-4).
-22
Let z(o) = -4*o**2 - 6. Give z(-4).
-70
Let l(p) = -39*p - 50. What is l(-2)?
28
Let l(d) = -66*d - 150. Determine l(1).
-216
Let d(m) = m**2 + 19*m + 160. Determine d(-8).
72
Let n(v) = v**3 - 2*v**2 - 7*v - 54. Determine n(7).
142
Let f(j) = -2*j**2 + 67*j + 202. Calculate f(-3).
-17
Let g(w) = -11*w**2 - 93*w + 8. Calculate g(3).
-370
Let b(o) = o**3 - 5*o**2 - 135*o + 203. What is b(13)?
-200
Let b(q) = 110*q + 601. Determine b(-6).
-59
Let a(u) = 2*u**3 - 22*u**2 + 9*u + 288. Determine a